{"id":44,"date":"2018-01-29T15:01:12","date_gmt":"2018-01-29T14:01:12","guid":{"rendered":"http:\/\/agromedi.zeus.umh.es\/?page_id=44"},"modified":"2018-02-05T14:01:20","modified_gmt":"2018-02-05T13:01:20","slug":"postgrado","status":"publish","type":"page","link":"https:\/\/agromedi.umh.es\/ca\/postgrado\/","title":{"rendered":"Postgrau"},"content":{"rendered":"<p><span style=\"color: #373737;text-indent: 0px;letter-spacing: normal;font-family: 'Helvetica Neue', Helvetica, Arial, sans-serif;font-size: 14px;font-style: normal;font-weight: 300;float: none;background-color: #ffffff\">El professorat del Departament d&#8217; Agroqu\u00edmica i Medi Ambient imparteix doc\u00e8ncia en els seg\u00fcents t\u00edtols de postgrau oficials i t\u00edtols propis:<\/span><\/p>\n<p><strong>M\u00c0STERS OFICIALS<\/strong><\/p>\n<ul>\n<li><a href=\"https:\/\/www.umh.es\/contenido\/Estudios\/:tit_m_203\/datos_val.html\">M\u00e0ster Universitari en Agroecologia, Desenvolupament Rural i Agroturisme<\/a><\/li>\n<li><a href=\"https:\/\/www.umh.es\/contenido\/Estudios\/:tit_m_100\/datos_val.html\">M\u00e0ster Universitari en An\u00e0lisi i Gesti\u00f3 dels Ecosistemes Mediterranis. Conjunt UMH\/UA<\/a><\/li>\n<li><a href=\"https:\/\/www.umh.es\/contenido\/Estudios\/:tit_m_235\/datos_val.html\">M\u00e0ster Universitari en Biotecnologia i Bioenginyeria<\/a><\/li>\n<li><a href=\"https:\/\/www.umh.es\/contenido\/Estudios\/:tit_m_158\/datos_val.html\">M\u00e0ster Universitari en Cooperaci\u00f3 al Desenvolupament. Conjunt<\/a><\/li>\n<li><a href=\"https:\/\/www.umh.es\/contenido\/Estudios\/:tit_m_159\/datos_val.html\">M\u00e0ster Universitari en Malalties Infeccioses i Salut Internacional<\/a><\/li>\n<li><a href=\"https:\/\/www.umh.es\/contenido\/Estudios\/:tit_m_187\/datos_val.html\">M\u00e0ster Universitari en Gesti\u00f3 i Disseny de Projectes i Instal\u00b7lacions<\/a><\/li>\n<li><a href=\"https:\/\/www.umh.es\/contenido\/Estudios\/:tit_m_201\/datos_val.html\">M\u00e0ster Universitari en Gesti\u00f3, Tractament i Valoraci\u00f3 de Residus Org\u00e0nics<\/a><\/li>\n<li><a href=\"https:\/\/www.umh.es\/contenido\/Estudios\/:tit_m_229\/datos_val.html\">M\u00e0ster Universitari en Enginyeria Agron\u00f2mica<\/a><\/li>\n<li><a href=\"https:\/\/www.umh.es\/contenido\/Estudios\/:tit_m_185\/datos_val.html\">M\u00e0ster Universitari en Enginyeria Industrial<\/a><\/li>\n<li><a href=\"https:\/\/www.umh.es\/contenido\/Estudios\/:tit_m_148\/datos_val.html\">M\u00e0ster Universitari en Investigaci\u00f3 en Noves Tend\u00e8ncies en Antropologia: Escenaris de Risc i A<\/a><\/li>\n<li><a href=\"https:\/\/www.umh.es\/contenido\/Estudios\/:tit_m_151\/datos_val.html\">M\u00e0ster Universitari en Prevenci\u00f3 de Riscos Laborals<\/a><\/li>\n<li><a href=\"https:\/\/www.umh.es\/contenido\/Estudios\/:tit_m_189\/datos_val.html\">M\u00e0ster Universitari en T\u00e8cniques Avan\u00e7ades per a la Investigaci\u00f3 i Producci\u00f3 en Fructicultura<\/a><\/li>\n<li><a href=\"https:\/\/www.umh.es\/contenido\/Estudios\/:tit_m_197\/datos_val.html\">M\u00e0ster Universitari en Viticultura i Enologia<\/a><\/li>\n<\/ul>\n<p><strong>DOCTORATS<\/strong><\/p>\n<ul>\n<li><a href=\"https:\/\/www.umh.es\/contenido\/Estudios\/:tit_d_218\/datos_val.html\">Programa de Doctorado en Biolog\u00eda Molecular y Celular<\/a><\/li>\n<li><a href=\"https:\/\/www.umh.es\/contenido\/Estudios\/:tit_d_221\/datos_val.html\">Programa de Doctorado en Medio Ambiente y Sostenibilidad<\/a>. <a href=\"http:\/\/docmas.edu.umh.es\/\">Blog associat<\/a><\/li>\n<li><a href=\"https:\/\/www.umh.es\/contenido\/Estudios\/:tit_d_222\/datos_val.html\">Programa de Doctorado en Recursos y Tecnolog\u00edas Agrarias, Agroambientales y Alimentarias<\/a><\/li>\n<\/ul>\n<p><strong>ESTUDIS PROPIS<\/strong><\/p>\n<ul>\n<li><a href=\"https:\/\/www.umh.es\/contenido\/Estudios\/:tit_fpo_8932\/datos_val.html\">Expert Universitari en Disseny, Dsenvolupament i\u00a0Aprofitament d&#8217;Horts Urbans\u00a0i Horts Ecol\u00f2gics Escolars. IV Edici\u00f3<\/a><\/li>\n<\/ul>\n<p><\/p>","protected":false},"excerpt":{"rendered":"<p>El professorat del Departament d&#8217; Agroqu\u00edmica i Medi Ambient imparteix doc\u00e8ncia en els seg\u00fcents t\u00edtols de postgrau oficials i t\u00edtols propis:<br \/>\nM\u00c0STERS OFICIALS<\/p>\n<p>M\u00e0ster Universitari en Agroecologia, Desenvolupament Rural i Agroturisme<br \/>\nM\u00e0ster Universitari en An\u00e0lisi i Gesti\u00f3 dels Ecosistemes Mediterranis. Conjunt UMH\/UA<br \/>\nM\u00e0ster Universitari en Biotecnologia i Bioenginyeria<br \/>\nM\u00e0ster Universitari en Cooperaci\u00f3 al Desenvolupament. Conjunt<br \/>\nM\u00e0ster Universitari en Malalties Infeccioses i [&#8230;]<\/p>\n","protected":false},"author":3243,"featured_media":0,"parent":0,"menu_order":3,"comment_status":"closed","ping_status":"closed","template":"","meta":{"_links_to":"","_links_to_target":""},"_links":{"self":[{"href":"https:\/\/agromedi.umh.es\/ca\/wp-json\/wp\/v2\/pages\/44"}],"collection":[{"href":"https:\/\/agromedi.umh.es\/ca\/wp-json\/wp\/v2\/pages"}],"about":[{"href":"https:\/\/agromedi.umh.es\/ca\/wp-json\/wp\/v2\/types\/page"}],"author":[{"embeddable":true,"href":"https:\/\/agromedi.umh.es\/ca\/wp-json\/wp\/v2\/users\/3243"}],"replies":[{"embeddable":true,"href":"https:\/\/agromedi.umh.es\/ca\/wp-json\/wp\/v2\/comments?post=44"}],"version-history":[{"count":0,"href":"https:\/\/agromedi.umh.es\/ca\/wp-json\/wp\/v2\/pages\/44\/revisions"}],"wp:attachment":[{"href":"https:\/\/agromedi.umh.es\/ca\/wp-json\/wp\/v2\/media?parent=44"}],"curies":[{"name":"wp","href":"https:\/\/api.w.org\/{rel}","templated":true}]}}

<p><span style="color: #373737;text-indent: 0px;letter-spacing: normal;font-family: 'Helvetica Neue', Helvetica, Arial, sans-serif;font-size: 14px;font-style: normal;font-weight: 300;float: none;background-color: #ffffff">El professorat del Departament d&#8217; Agroquímica i Medi Ambient imparteix docència en els següents títols de postgrau oficials i títols propis:</span></p>
<p><strong>MÀSTERS OFICIALS</strong></p>
<ul>
<li><a href="https://www.umh.es/contenido/Estudios/:tit_m_203/datos_val.html">Màster Universitari en Agroecologia, Desenvolupament Rural i Agroturisme</a></li>
<li><a href="https://www.umh.es/contenido/Estudios/:tit_m_100/datos_val.html">Màster Universitari en Anàlisi i Gestió dels Ecosistemes Mediterranis. Conjunt UMH/UA</a></li>
<li><a href="https://www.umh.es/contenido/Estudios/:tit_m_235/datos_val.html">Màster Universitari en Biotecnologia i Bioenginyeria</a></li>
<li><a href="https://www.umh.es/contenido/Estudios/:tit_m_158/datos_val.html">Màster Universitari en Cooperació al Desenvolupament. Conjunt</a></li>
<li><a href="https://www.umh.es/contenido/Estudios/:tit_m_159/datos_val.html">Màster Universitari en Malalties Infeccioses i Salut Internacional</a></li>
<li><a href="https://www.umh.es/contenido/Estudios/:tit_m_187/datos_val.html">Màster Universitari en Gestió i Disseny de Projectes i Instal·lacions</a></li>
<li><a href="https://www.umh.es/contenido/Estudios/:tit_m_201/datos_val.html">Màster Universitari en Gestió, Tractament i Valoració de Residus Orgànics</a></li>
<li><a href="https://www.umh.es/contenido/Estudios/:tit_m_229/datos_val.html">Màster Universitari en Enginyeria Agronòmica</a></li>
<li><a href="https://www.umh.es/contenido/Estudios/:tit_m_185/datos_val.html">Màster Universitari en Enginyeria Industrial</a></li>
<li><a href="https://www.umh.es/contenido/Estudios/:tit_m_148/datos_val.html">Màster Universitari en Investigació en Noves Tendències en Antropologia: Escenaris de Risc i A</a></li>
<li><a href="https://www.umh.es/contenido/Estudios/:tit_m_151/datos_val.html">Màster Universitari en Prevenció de Riscos Laborals</a></li>
<li><a href="https://www.umh.es/contenido/Estudios/:tit_m_189/datos_val.html">Màster Universitari en Tècniques Avançades per a la Investigació i Producció en Fructicultura</a></li>
<li><a href="https://www.umh.es/contenido/Estudios/:tit_m_197/datos_val.html">Màster Universitari en Viticultura i Enologia</a></li>
</ul>
<p><strong>DOCTORATS</strong></p>
<ul>
<li><a href="https://www.umh.es/contenido/Estudios/:tit_d_218/datos_val.html">Programa de Doctorado en Biología Molecular y Celular</a></li>
<li><a href="https://www.umh.es/contenido/Estudios/:tit_d_221/datos_val.html">Programa de Doctorado en Medio Ambiente y Sostenibilidad</a>. <a href="http://docmas.edu.umh.es/">Blog associat</a></li>
<li><a href="https://www.umh.es/contenido/Estudios/:tit_d_222/datos_val.html">Programa de Doctorado en Recursos y Tecnologías Agrarias, Agroambientales y Alimentarias</a></li>
</ul>
<p><strong>ESTUDIS PROPIS</strong></p>
<ul>
<li><a href="https://www.umh.es/contenido/Estudios/:tit_fpo_8932/datos_val.html">Expert Universitari en Disseny, Dsenvolupament i Aprofitament d&#8217;Horts Urbans i Horts Ecològics Escolars. IV Edició</a></li>
</ul>
<p></p>

<p>El professorat del Departament d&#8217; Agroquímica i Medi Ambient imparteix docència en els següents títols de postgrau oficials i títols propis:<br />
MÀSTERS OFICIALS</p>
<p>Màster Universitari en Agroecologia, Desenvolupament Rural i Agroturisme<br />
Màster Universitari en Anàlisi i Gestió dels Ecosistemes Mediterranis. Conjunt UMH/UA<br />
Màster Universitari en Biotecnologia i Bioenginyeria<br />
Màster Universitari en Cooperació al Desenvolupament. Conjunt<br />
Màster Universitari en Malalties Infeccioses i [&#8230;]</p>
